{"id":2010,"date":"2022-01-24T11:58:55","date_gmt":"2022-01-24T10:58:55","guid":{"rendered":"https:\/\/schaller-werbeagentur.de\/svkniebis\/?page_id=2010"},"modified":"2022-01-24T12:03:55","modified_gmt":"2022-01-24T11:03:55","slug":"ergebnisse-lemming-loppet-2022","status":"publish","type":"page","link":"https:\/\/schaller-werbeagentur.de\/svkniebis\/berichte\/ergebnisse-lemming-loppet-2022\/","title":{"rendered":"Ergebnisse Lemming Loppet 2022"},"content":{"rendered":"\n<p>Wir \u00fcbernehmen den Bericht der Lemminge 1:1 auch hier und erg\u00e4nzen nur vorab, 3 Dinge:<\/p>\n\n\n\n<style>.wp-block-image img{height:auto;}<\/style>\n\n\n\n<h5 class=\"wp-block-heading\"><strong>15j\u00e4hriger Tom Waidelich auf dem Podium der erwachsenen Konkurrenz<\/strong><\/h5>\n\n\n\n<figure class=\"wp-block-image size-large\"><img loading=\"lazy\" decoding=\"async\" width=\"1024\" height=\"683\" src=\"https:\/\/schaller-werbeagentur.de\/svkniebis\/wp-content\/uploads\/2022\/01\/5.-Lemming-Loppet-2022-Skimarathon-20220123-132454-IMG_9777-1024x683.jpg\" alt=\"\" class=\"wp-image-2011\" srcset=\"https:\/\/schaller-werbeagentur.de\/svkniebis\/wp-content\/uploads\/2022\/01\/5.-Lemming-Loppet-2022-Skimarathon-20220123-132454-IMG_9777-1024x683.jpg 1024w, https:\/\/schaller-werbeagentur.de\/svkniebis\/wp-content\/uploads\/2022\/01\/5.-Lemming-Loppet-2022-Skimarathon-20220123-132454-IMG_9777-300x200.jpg 300w, https:\/\/schaller-werbeagentur.de\/svkniebis\/wp-content\/uploads\/2022\/01\/5.-Lemming-Loppet-2022-Skimarathon-20220123-132454-IMG_9777-768x512.jpg 768w, https:\/\/schaller-werbeagentur.de\/svkniebis\/wp-content\/uploads\/2022\/01\/5.-Lemming-Loppet-2022-Skimarathon-20220123-132454-IMG_9777.jpg 1200w\" sizes=\"auto, (max-width: 1024px) 100vw, 1024px\" \/><figcaption>Tom Waidelich als 15j\u00e4hriger auf dem Podium der M\u00e4nner<\/figcaption><\/figure>\n\n\n\n<p>Beim 21km Lauf setzte unser 15j\u00e4hriger Lokalmatador Tom Waidelich bei den erwachsenen Herren mit seinem zweiten Platz ein dickes Ausrufezeichen. Hut ab.<\/p>\n\n\n\n<h5 class=\"wp-block-heading\"><strong>Grundschule Kniebis mit den meisten Teilnehmern<\/strong><\/h5>\n\n\n\n<p>Die Grundschule Kniebis in der Besetzung Antoni, Daniel, Luis und Samu teilte sich den ersten Platz der meisten Teilnehmer beim Sch\u00fclerlauf mit dem Gymnasium Speyer und wird jetzt versuchen den Preis fair zu teilen \ud83d\ude42<\/p>\n\n\n\n<figure class=\"wp-block-image size-large\"><img loading=\"lazy\" decoding=\"async\" width=\"1024\" height=\"683\" src=\"https:\/\/schaller-werbeagentur.de\/svkniebis\/wp-content\/uploads\/2022\/01\/5.-Lemming-Loppet-2022-Skimarathon-20220123-131317-IMG_9689-1024x683.jpg\" alt=\"\" class=\"wp-image-2013\" srcset=\"https:\/\/schaller-werbeagentur.de\/svkniebis\/wp-content\/uploads\/2022\/01\/5.-Lemming-Loppet-2022-Skimarathon-20220123-131317-IMG_9689-1024x683.jpg 1024w, https:\/\/schaller-werbeagentur.de\/svkniebis\/wp-content\/uploads\/2022\/01\/5.-Lemming-Loppet-2022-Skimarathon-20220123-131317-IMG_9689-300x200.jpg 300w, https:\/\/schaller-werbeagentur.de\/svkniebis\/wp-content\/uploads\/2022\/01\/5.-Lemming-Loppet-2022-Skimarathon-20220123-131317-IMG_9689-768x512.jpg 768w, https:\/\/schaller-werbeagentur.de\/svkniebis\/wp-content\/uploads\/2022\/01\/5.-Lemming-Loppet-2022-Skimarathon-20220123-131317-IMG_9689.jpg 1200w\" sizes=\"auto, (max-width: 1024px) 100vw, 1024px\" \/><figcaption>Auch den Preis f\u00fcr den kleinsten Teilnehmer h\u00e4tten wir verdient gehabt, aber in dem Fall ging es um die meisten Teilnehmer<\/figcaption><\/figure>\n\n\n\n<h5 class=\"wp-block-heading\"><strong>Kniebiser auch beim Marathon stark vertreten<\/strong><\/h5>\n\n\n\n<p>Respekt vor der Teilnahme zahlreicher Sportler des SV\/SZ Kniebis an den verschiedenen Marathons. Manche liefen die jeweilige Distanz zum ersten Mal, andere brachten mit 175bpm Durchschnittspuls \u00fcber knapp 3 Stunden Ihren Kardiologen zum Verzweifeln. Aber alle schafften es gl\u00fccklich und erfolgreich ins Ziel. Gl\u00fcckwunsch an Ben, Frank, Luisa, Markus, Olga und Tom .<\/p>\n\n\n\n<p>Alle Bilder und den oben angek\u00fcndigte Bericht findet <a href=\"https:\/\/lemming-loppet.de\/de\/2022\/01\/23\/perfekte-bedingungen-und-glueckliche-teilnehmer-beim-5-lemming-loppet\/\">Ihr hier<\/a><\/p>\n\n\n\n<p><\/p>\n","protected":false},"excerpt":{"rendered":"<p>Ganz herzlichen Dank an die Organisiation einer bilderbuchartigen Langlaufveranstaltung rund um das Skistadion Kniebis an alle Beteiligte der Karlsruher Lemminge: Hut ab.<\/p>\n","protected":false},"author":1,"featured_media":2012,"parent":70,"menu_order":4,"comment_status":"closed","ping_status":"closed","template":"","meta":{"footnotes":""},"categories":[],"tags":[3,6],"class_list":["post-2010","page","type-page","status-publish","has-post-thumbnail","hentry","tag-bericht","tag-langlauf"],"_links":{"self":[{"href":"https:\/\/schaller-werbeagentur.de\/svkniebis\/wp-json\/wp\/v2\/pages\/2010","targetHints":{"allow":["GET"]}}],"collection":[{"href":"https:\/\/schaller-werbeagentur.de\/svkniebis\/wp-json\/wp\/v2\/pages"}],"about":[{"href":"https:\/\/schaller-werbeagentur.de\/svkniebis\/wp-json\/wp\/v2\/types\/page"}],"author":[{"embeddable":true,"href":"https:\/\/schaller-werbeagentur.de\/svkniebis\/wp-json\/wp\/v2\/users\/1"}],"replies":[{"embeddable":true,"href":"https:\/\/schaller-werbeagentur.de\/svkniebis\/wp-json\/wp\/v2\/comments?post=2010"}],"version-history":[{"count":6,"href":"https:\/\/schaller-werbeagentur.de\/svkniebis\/wp-json\/wp\/v2\/pages\/2010\/revisions"}],"predecessor-version":[{"id":2020,"href":"https:\/\/schaller-werbeagentur.de\/svkniebis\/wp-json\/wp\/v2\/pages\/2010\/revisions\/2020"}],"up":[{"embeddable":true,"href":"https:\/\/schaller-werbeagentur.de\/svkniebis\/wp-json\/wp\/v2\/pages\/70"}],"wp:featuredmedia":[{"embeddable":true,"href":"https:\/\/schaller-werbeagentur.de\/svkniebis\/wp-json\/wp\/v2\/media\/2012"}],"wp:attachment":[{"href":"https:\/\/schaller-werbeagentur.de\/svkniebis\/wp-json\/wp\/v2\/media?parent=2010"}],"wp:term":[{"taxonomy":"category","embeddable":true,"href":"https:\/\/schaller-werbeagentur.de\/svkniebis\/wp-json\/wp\/v2\/categories?post=2010"},{"taxonomy":"post_tag","embeddable":true,"href":"https:\/\/schaller-werbeagentur.de\/svkniebis\/wp-json\/wp\/v2\/tags?post=2010"}],"curies":[{"name":"wp","href":"https:\/\/api.w.org\/{rel}","templated":true}]}}

<p>Wir übernehmen den Bericht der Lemminge 1:1 auch hier und ergänzen nur vorab, 3 Dinge:</p>



<style>.wp-block-image img{height:auto;}</style>



<h5 class="wp-block-heading"><strong>15jähriger Tom Waidelich auf dem Podium der erwachsenen Konkurrenz</strong></h5>



<figure class="wp-block-image size-large"><img loading="lazy" decoding="async" width="1024" height="683" src="https://schaller-werbeagentur.de/svkniebis/wp-content/uploads/2022/01/5.-Lemming-Loppet-2022-Skimarathon-20220123-132454-IMG_9777-1024x683.jpg" alt="" class="wp-image-2011" srcset="https://schaller-werbeagentur.de/svkniebis/wp-content/uploads/2022/01/5.-Lemming-Loppet-2022-Skimarathon-20220123-132454-IMG_9777-1024x683.jpg 1024w, https://schaller-werbeagentur.de/svkniebis/wp-content/uploads/2022/01/5.-Lemming-Loppet-2022-Skimarathon-20220123-132454-IMG_9777-300x200.jpg 300w, https://schaller-werbeagentur.de/svkniebis/wp-content/uploads/2022/01/5.-Lemming-Loppet-2022-Skimarathon-20220123-132454-IMG_9777-768x512.jpg 768w, https://schaller-werbeagentur.de/svkniebis/wp-content/uploads/2022/01/5.-Lemming-Loppet-2022-Skimarathon-20220123-132454-IMG_9777.jpg 1200w" sizes="auto, (max-width: 1024px) 100vw, 1024px" /><figcaption>Tom Waidelich als 15jähriger auf dem Podium der Männer</figcaption></figure>



<p>Beim 21km Lauf setzte unser 15jähriger Lokalmatador Tom Waidelich bei den erwachsenen Herren mit seinem zweiten Platz ein dickes Ausrufezeichen. Hut ab.</p>



<h5 class="wp-block-heading"><strong>Grundschule Kniebis mit den meisten Teilnehmern</strong></h5>



<p>Die Grundschule Kniebis in der Besetzung Antoni, Daniel, Luis und Samu teilte sich den ersten Platz der meisten Teilnehmer beim Schülerlauf mit dem Gymnasium Speyer und wird jetzt versuchen den Preis fair zu teilen 🙂</p>



<figure class="wp-block-image size-large"><img loading="lazy" decoding="async" width="1024" height="683" src="https://schaller-werbeagentur.de/svkniebis/wp-content/uploads/2022/01/5.-Lemming-Loppet-2022-Skimarathon-20220123-131317-IMG_9689-1024x683.jpg" alt="" class="wp-image-2013" srcset="https://schaller-werbeagentur.de/svkniebis/wp-content/uploads/2022/01/5.-Lemming-Loppet-2022-Skimarathon-20220123-131317-IMG_9689-1024x683.jpg 1024w, https://schaller-werbeagentur.de/svkniebis/wp-content/uploads/2022/01/5.-Lemming-Loppet-2022-Skimarathon-20220123-131317-IMG_9689-300x200.jpg 300w, https://schaller-werbeagentur.de/svkniebis/wp-content/uploads/2022/01/5.-Lemming-Loppet-2022-Skimarathon-20220123-131317-IMG_9689-768x512.jpg 768w, https://schaller-werbeagentur.de/svkniebis/wp-content/uploads/2022/01/5.-Lemming-Loppet-2022-Skimarathon-20220123-131317-IMG_9689.jpg 1200w" sizes="auto, (max-width: 1024px) 100vw, 1024px" /><figcaption>Auch den Preis für den kleinsten Teilnehmer hätten wir verdient gehabt, aber in dem Fall ging es um die meisten Teilnehmer</figcaption></figure>



<h5 class="wp-block-heading"><strong>Kniebiser auch beim Marathon stark vertreten</strong></h5>



<p>Respekt vor der Teilnahme zahlreicher Sportler des SV/SZ Kniebis an den verschiedenen Marathons. Manche liefen die jeweilige Distanz zum ersten Mal, andere brachten mit 175bpm Durchschnittspuls über knapp 3 Stunden Ihren Kardiologen zum Verzweifeln. Aber alle schafften es glücklich und erfolgreich ins Ziel. Glückwunsch an Ben, Frank, Luisa, Markus, Olga und Tom .</p>



<p>Alle Bilder und den oben angekündigte Bericht findet <a href="https://lemming-loppet.de/de/2022/01/23/perfekte-bedingungen-und-glueckliche-teilnehmer-beim-5-lemming-loppet/">Ihr hier</a></p>



<p></p>
