{"id":2548,"date":"2023-01-16T16:03:26","date_gmt":"2023-01-16T15:03:26","guid":{"rendered":"https:\/\/schaller-werbeagentur.de\/svkniebis\/?page_id=2548"},"modified":"2023-01-16T16:13:54","modified_gmt":"2023-01-16T15:13:54","slug":"nathalie-armbruster","status":"publish","type":"page","link":"https:\/\/schaller-werbeagentur.de\/svkniebis\/verein\/nathalie-armbruster\/","title":{"rendered":"Nathalie Armbruster"},"content":{"rendered":"\n<p>Mit Ihren au\u00dfergew\u00f6hnlichen Leistungen \u00fcber die letzten Jahre (und eigentlich von klein auf) war jedem klar, dass Nathalie ein herausragendes Talent ist. Dass sie diese Erwartungshaltung im Winter 22\/23 noch einmal derart pulverisiert, macht uns sehr stolz.<\/p>\n\n\n\n<figure class=\"wp-block-image size-large\"><img loading=\"lazy\" decoding=\"async\" width=\"1024\" height=\"346\" src=\"https:\/\/schaller-werbeagentur.de\/svkniebis\/wp-content\/uploads\/2023\/01\/nathalie2-1024x346.jpg\" alt=\"\" class=\"wp-image-2552\" srcset=\"https:\/\/schaller-werbeagentur.de\/svkniebis\/wp-content\/uploads\/2023\/01\/nathalie2-1024x346.jpg 1024w, https:\/\/schaller-werbeagentur.de\/svkniebis\/wp-content\/uploads\/2023\/01\/nathalie2-300x101.jpg 300w, https:\/\/schaller-werbeagentur.de\/svkniebis\/wp-content\/uploads\/2023\/01\/nathalie2-768x259.jpg 768w, https:\/\/schaller-werbeagentur.de\/svkniebis\/wp-content\/uploads\/2023\/01\/nathalie2-1536x519.jpg 1536w, https:\/\/schaller-werbeagentur.de\/svkniebis\/wp-content\/uploads\/2023\/01\/nathalie2-2048x692.jpg 2048w\" sizes=\"auto, (max-width: 1024px) 100vw, 1024px\" \/><\/figure>\n\n\n\n<p>Nathalie hat sich diese Ergebnisse mit viel Talent, Zielstrebigkeit und der tatkr\u00e4ftigen Unterst\u00fctzung Ihrer Familie und Trainer v\u00f6llig zu Recht verdient. Einen kleinen Anteil an diesem M\u00e4rchen hat auch die Kniebiser Nachtloipe des SV\/SZ Kniebis, auf der sie nicht nur die ersten Langlauf und Inliner-Schritte ging sondern auch weiterhin regelm\u00e4\u00dfig Ihre Kilometer zieht.  <\/p>\n\n\n\n<p>Da Ihre Leistungen und Ergebnisse den Rahmen unserer kleinen Webseite sprengen w\u00fcrden, dr\u00fccken wir lieber begeistert \u00fcber diesen Erfolg die Daumen vor den Bildschirmen und verweisen &#8211; Ehre wem Ehre geb\u00fchrt &#8211; auf Nathalies eigenen Instagram-Kanal unter <a rel=\"noreferrer noopener\" href=\"https:\/\/www.instagram.com\/nathalie.armbruster\" target=\"_blank\">https:\/\/www.instagram.com\/nathalie.armbruster  <\/a><\/p>\n\n\n\n<p>Anfragen zu Autogrammkarten und Merch leiten wir gerne weiter \ud83d\ude42<\/p>\n\n\n\n<style>.wp-block-image img{\nheight:auto;\n}<\/style>\n","protected":false},"excerpt":{"rendered":"<p>Wer h\u00e4tte das gedacht? Das verschlafene 1000-Seelen-\u00d6rtchen Kniebis im Schwarzwald spielt die Hauptrolle in einem internationalen Wintersport-M\u00e4rchen. Die Rede ist von &#8222;unserer&#8220; Nathalie (Armbruster)<\/p>\n","protected":false},"author":1,"featured_media":0,"parent":83,"menu_order":9,"comment_status":"closed","ping_status":"closed","template":"","meta":{"footnotes":""},"categories":[],"tags":[],"class_list":["post-2548","page","type-page","status-publish","hentry"],"_links":{"self":[{"href":"https:\/\/schaller-werbeagentur.de\/svkniebis\/wp-json\/wp\/v2\/pages\/2548","targetHints":{"allow":["GET"]}}],"collection":[{"href":"https:\/\/schaller-werbeagentur.de\/svkniebis\/wp-json\/wp\/v2\/pages"}],"about":[{"href":"https:\/\/schaller-werbeagentur.de\/svkniebis\/wp-json\/wp\/v2\/types\/page"}],"author":[{"embeddable":true,"href":"https:\/\/schaller-werbeagentur.de\/svkniebis\/wp-json\/wp\/v2\/users\/1"}],"replies":[{"embeddable":true,"href":"https:\/\/schaller-werbeagentur.de\/svkniebis\/wp-json\/wp\/v2\/comments?post=2548"}],"version-history":[{"count":7,"href":"https:\/\/schaller-werbeagentur.de\/svkniebis\/wp-json\/wp\/v2\/pages\/2548\/revisions"}],"predecessor-version":[{"id":2559,"href":"https:\/\/schaller-werbeagentur.de\/svkniebis\/wp-json\/wp\/v2\/pages\/2548\/revisions\/2559"}],"up":[{"embeddable":true,"href":"https:\/\/schaller-werbeagentur.de\/svkniebis\/wp-json\/wp\/v2\/pages\/83"}],"wp:attachment":[{"href":"https:\/\/schaller-werbeagentur.de\/svkniebis\/wp-json\/wp\/v2\/media?parent=2548"}],"wp:term":[{"taxonomy":"category","embeddable":true,"href":"https:\/\/schaller-werbeagentur.de\/svkniebis\/wp-json\/wp\/v2\/categories?post=2548"},{"taxonomy":"post_tag","embeddable":true,"href":"https:\/\/schaller-werbeagentur.de\/svkniebis\/wp-json\/wp\/v2\/tags?post=2548"}],"curies":[{"name":"wp","href":"https:\/\/api.w.org\/{rel}","templated":true}]}}