{"id":3479,"date":"2024-01-22T08:20:28","date_gmt":"2024-01-22T07:20:28","guid":{"rendered":"https:\/\/schaller-werbeagentur.de\/svkniebis\/?page_id=3479"},"modified":"2024-01-22T08:23:02","modified_gmt":"2024-01-22T07:23:02","slug":"lemming-loppet-24","status":"publish","type":"page","link":"https:\/\/schaller-werbeagentur.de\/svkniebis\/berichte\/lemming-loppet-24\/","title":{"rendered":"Lemming-Loppet 24"},"content":{"rendered":"\n<p>Am 21.01.2024 bildete das gro\u00dfe nordschwarzw\u00e4lder Langlauf-Event Lemming Loppet den Abschluss einer ereignisreichen Woche auf den Loipen des SV\/SZ Kniebis. Einige unserer Athleten begingen das dritte Rennen in dieser Woche. <\/p>\n\n\n\n<h3 class=\"wp-block-heading\">Herren<\/h3>\n\n\n\n<p>Auf der Langstrecke &#8211; die wegen mangelnden Naturschnees &#8211; komplett auf der Nachtloipe stattfand, starteten Ben und Frank. Beide erzielten herrvoragende Zeiten auf ihrer Heimstrecke, Ben konnte dadurch \u00fcberragenderweise seine Altersklasse gewinnen.<\/p>\n\n\n\n<p>Sein Bruder Tom startetete auf der Mitteldistanz und griff sich gegen sehr starke Konkurrenz die Silbermedaille in seiner Altersklasse ab. Familie Waidelich fuhr also mit Gold und Silbermedaille nach Hause, keine schlechte Bilanz.<\/p>\n\n\n\n<blockquote class=\"wp-block-quote is-layout-flow wp-block-quote-is-layout-flow\"><p>Tom + Ben: Supr g&#8217;macht<\/p><cite>Ise Schmieder<\/cite><\/blockquote>\n\n\n\n<h3 class=\"wp-block-heading\">Sch\u00fclerlauf<\/h3>\n\n\n\n<p>Im Sch\u00fclerlauf \u00fcber 5 km starteten zahllose Athleten des SV\/SZ Kniebis und wurden &#8211; mal wieder &#8211; ihrer Favoritenrolle gerecht. Mit 4 Startern in den Top 10 werden nur die besten Platzierungen geehrt. Dass aber der bei weitem j\u00fcngste Teilnehmer des Feldes Ben Dugersuren nur wenige Minuten nach dem Sieger ins Ziel kam, oder Marie bei den M\u00e4dchen die Silbermedaille erringen konnte oder Lisa trotz offensichtlich eher weniger Motivation sich doch bis ins Ziel k\u00e4mpfte, sind nur einige der Randnotizen au\u00dferhalb der Top 10. Dort wiederum fochten Eric und Felix einen epischen Kampf um Platz 1 der Jungs aus, den Eric um wenige Wimpernschl\u00e4ge f\u00fcr sich entscheiden konnte. <\/p>\n\n\n\n<blockquote class=\"wp-block-quote is-layout-flow wp-block-quote-is-layout-flow\"><p>Ich hatte mich leider ein wenig verwachst und konnte dann Erics starken Endspurt nicht mehr mitgehen: Gl\u00fcckwunsch!<\/p><cite>Felix Jekal<\/cite><\/blockquote>\n\n\n\n<p>Samuel und Luis komplettierten die 4 Top-10-Fahrer und freuten sich gemeinsam \u00fcber den zweiten Platz in der Schulwertung.<\/p>\n\n\n\n<h3 class=\"wp-block-heading\">Bunter Hund<\/h3>\n\n\n\n<p>Im Bunter-Hund-Lauf fand f\u00fcr die Kleinsten ein Lauf ganz ohne Zeitnahme und althergebrachtem, schwarzw\u00e4lder Erfolgsdruck als deren Highlight statt:<\/p>\n\n\n\n<p>Elisa, Lia, Nico, Robin und Tom liefen dabei erst in beispielloser Kniebiser Eleganz \u00fcber die 1km lange Strecke um davor und danach die Zeit zum gemeinsamen Spielen zu nutzen. Dass Lia in der Tombola auch noch erfolgreich war, machte den Sonntag nat\u00fcrlich nur noch sch\u00f6ner. <\/p>\n\n\n\n<p>Ganz vielen Dank an die Karlsruher Lemminge f\u00fcrs Ausrichten und Veranstalten dieses tollen Rennens. <\/p>\n\n\n\n<p>Alle Ergebnisse findet Ihr <a href=\"https:\/\/lemming-loppet.de\/de\/ergebnisse-aktuell\/\" target=\"_blank\" rel=\"noreferrer noopener\">hier<\/a><\/p>\n\n\n\n<p><\/p>\n","protected":false},"excerpt":{"rendered":"<p>Am 21.01.2024 bildete das gro\u00dfe nordschwarzw\u00e4lder Langlauf-Event Lemming Loppet den Abschluss einer ereignisreichen Woche auf den Loipen des SV\/SZ Kniebis. Einige unserer Athleten begingen das dritte Rennen in dieser Woche. Herren Auf der [&hellip;]<\/p>\n","protected":false},"author":1,"featured_media":0,"parent":70,"menu_order":2,"comment_status":"closed","ping_status":"closed","template":"","meta":{"footnotes":""},"categories":[],"tags":[3,6,2],"class_list":["post-3479","page","type-page","status-publish","hentry","tag-bericht","tag-langlauf","tag-wettkampf"],"_links":{"self":[{"href":"https:\/\/schaller-werbeagentur.de\/svkniebis\/wp-json\/wp\/v2\/pages\/3479","targetHints":{"allow":["GET"]}}],"collection":[{"href":"https:\/\/schaller-werbeagentur.de\/svkniebis\/wp-json\/wp\/v2\/pages"}],"about":[{"href":"https:\/\/schaller-werbeagentur.de\/svkniebis\/wp-json\/wp\/v2\/types\/page"}],"author":[{"embeddable":true,"href":"https:\/\/schaller-werbeagentur.de\/svkniebis\/wp-json\/wp\/v2\/users\/1"}],"replies":[{"embeddable":true,"href":"https:\/\/schaller-werbeagentur.de\/svkniebis\/wp-json\/wp\/v2\/comments?post=3479"}],"version-history":[{"count":2,"href":"https:\/\/schaller-werbeagentur.de\/svkniebis\/wp-json\/wp\/v2\/pages\/3479\/revisions"}],"predecessor-version":[{"id":3482,"href":"https:\/\/schaller-werbeagentur.de\/svkniebis\/wp-json\/wp\/v2\/pages\/3479\/revisions\/3482"}],"up":[{"embeddable":true,"href":"https:\/\/schaller-werbeagentur.de\/svkniebis\/wp-json\/wp\/v2\/pages\/70"}],"wp:attachment":[{"href":"https:\/\/schaller-werbeagentur.de\/svkniebis\/wp-json\/wp\/v2\/media?parent=3479"}],"wp:term":[{"taxonomy":"category","embeddable":true,"href":"https:\/\/schaller-werbeagentur.de\/svkniebis\/wp-json\/wp\/v2\/categories?post=3479"},{"taxonomy":"post_tag","embeddable":true,"href":"https:\/\/schaller-werbeagentur.de\/svkniebis\/wp-json\/wp\/v2\/tags?post=3479"}],"curies":[{"name":"wp","href":"https:\/\/api.w.org\/{rel}","templated":true}]}}

<p>Am 21.01.2024 bildete das große nordschwarzwälder Langlauf-Event Lemming Loppet den Abschluss einer ereignisreichen Woche auf den Loipen des SV/SZ Kniebis. Einige unserer Athleten begingen das dritte Rennen in dieser Woche. </p>



<h3 class="wp-block-heading">Herren</h3>



<p>Auf der Langstrecke &#8211; die wegen mangelnden Naturschnees &#8211; komplett auf der Nachtloipe stattfand, starteten Ben und Frank. Beide erzielten herrvoragende Zeiten auf ihrer Heimstrecke, Ben konnte dadurch überragenderweise seine Altersklasse gewinnen.</p>



<p>Sein Bruder Tom startetete auf der Mitteldistanz und griff sich gegen sehr starke Konkurrenz die Silbermedaille in seiner Altersklasse ab. Familie Waidelich fuhr also mit Gold und Silbermedaille nach Hause, keine schlechte Bilanz.</p>



<blockquote class="wp-block-quote is-layout-flow wp-block-quote-is-layout-flow"><p>Tom + Ben: Supr g&#8217;macht</p><cite>Ise Schmieder</cite></blockquote>



<h3 class="wp-block-heading">Schülerlauf</h3>



<p>Im Schülerlauf über 5 km starteten zahllose Athleten des SV/SZ Kniebis und wurden &#8211; mal wieder &#8211; ihrer Favoritenrolle gerecht. Mit 4 Startern in den Top 10 werden nur die besten Platzierungen geehrt. Dass aber der bei weitem jüngste Teilnehmer des Feldes Ben Dugersuren nur wenige Minuten nach dem Sieger ins Ziel kam, oder Marie bei den Mädchen die Silbermedaille erringen konnte oder Lisa trotz offensichtlich eher weniger Motivation sich doch bis ins Ziel kämpfte, sind nur einige der Randnotizen außerhalb der Top 10. Dort wiederum fochten Eric und Felix einen epischen Kampf um Platz 1 der Jungs aus, den Eric um wenige Wimpernschläge für sich entscheiden konnte. </p>



<blockquote class="wp-block-quote is-layout-flow wp-block-quote-is-layout-flow"><p>Ich hatte mich leider ein wenig verwachst und konnte dann Erics starken Endspurt nicht mehr mitgehen: Glückwunsch!</p><cite>Felix Jekal</cite></blockquote>



<p>Samuel und Luis komplettierten die 4 Top-10-Fahrer und freuten sich gemeinsam über den zweiten Platz in der Schulwertung.</p>



<h3 class="wp-block-heading">Bunter Hund</h3>



<p>Im Bunter-Hund-Lauf fand für die Kleinsten ein Lauf ganz ohne Zeitnahme und althergebrachtem, schwarzwälder Erfolgsdruck als deren Highlight statt:</p>



<p>Elisa, Lia, Nico, Robin und Tom liefen dabei erst in beispielloser Kniebiser Eleganz über die 1km lange Strecke um davor und danach die Zeit zum gemeinsamen Spielen zu nutzen. Dass Lia in der Tombola auch noch erfolgreich war, machte den Sonntag natürlich nur noch schöner. </p>



<p>Ganz vielen Dank an die Karlsruher Lemminge fürs Ausrichten und Veranstalten dieses tollen Rennens. </p>



<p>Alle Ergebnisse findet Ihr <a href="https://lemming-loppet.de/de/ergebnisse-aktuell/" target="_blank" rel="noreferrer noopener">hier</a></p>



<p></p>

<p>Am 21.01.2024 bildete das große nordschwarzwälder Langlauf-Event Lemming Loppet den Abschluss einer ereignisreichen Woche auf den Loipen des SV/SZ Kniebis. Einige unserer Athleten begingen das dritte Rennen in dieser Woche. Herren Auf der [&hellip;]</p>
