{"id":416,"date":"2021-01-02T10:49:35","date_gmt":"2021-01-02T09:49:35","guid":{"rendered":"https:\/\/schaller-werbeagentur.de\/svkniebis\/?page_id=416"},"modified":"2025-02-18T07:30:19","modified_gmt":"2025-02-18T06:30:19","slug":"saisonkarte-bestellen","status":"publish","type":"page","link":"https:\/\/schaller-werbeagentur.de\/svkniebis\/saisonkarten-ordner\/saisonkarte-bestellen\/","title":{"rendered":"Saisonkarte bestellen"},"content":{"rendered":"\n<p>Immer noch gute Vors\u00e4tze f\u00fcrs neue Jahr &#8211; f\u00fcr Dich oder jemand, dessen Schweinehund zu ausgepr\u00e4gt vorhanden ist? Dann haben wir die perfekte L\u00f6sung. Mehr Zeit draussen, mehr Bewegung, garantiertes Abnehmen, weniger Zeit zum Rauchen\/Saufen\/&#8230; und dazu noch kontaktarm. Die L\u00f6sung ist ein Saisonticket f\u00fcr unsere Loipen. <\/p>\n\n\n\n<p>Und so geht&#8217;s:  In 3 einfachen Schritten zum Schwarzw\u00e4lder Loipengl\u00fcck: <br>Bestelle Deine Saisonkarte f\u00fcr unz\u00e4hlige* Loipenkilometer, Flutlicht-Beleuchtung und optimale Bedingungen durch unsere neue Schneekanone jetzt online.<\/p>\n\n\n\n<ul class=\"wp-block-list\">\n<li>1 Einfach wie gewohnt Deine Daten eingeben, <\/li>\n\n\n\n<li>2 Saisonkarte per \u00dcberweisung bezahlen, <\/li>\n\n\n\n<li>3 online selber ausdrucken und direkt loslegen.<\/li>\n\n\n\n<li>3a oder als Geschenk: Online ausdrucken oder weiterleiten.<\/li>\n<\/ul>\n\n\n\n<h4 class=\"wp-block-heading\">Jetzt bestellen<\/h4>\n\n\n\n\n<div class=\"wpcf7 no-js\" id=\"wpcf7-f420-o1\" lang=\"de-DE\" dir=\"ltr\" data-wpcf7-id=\"420\">\n<div class=\"screen-reader-response\"><p role=\"status\" aria-live=\"polite\" aria-atomic=\"true\"><\/p> <ul><\/ul><\/div>\n<form action=\"\/svkniebis\/wp-json\/wp\/v2\/pages\/416#wpcf7-f420-o1\" method=\"post\" class=\"wpcf7-form init\" aria-label=\"Kontaktformular\" novalidate=\"novalidate\" data-status=\"init\">\n<fieldset class=\"hidden-fields-container\"><input type=\"hidden\" name=\"_wpcf7\" value=\"420\" \/><input type=\"hidden\" name=\"_wpcf7_version\" value=\"6.1.5\" \/><input type=\"hidden\" name=\"_wpcf7_locale\" value=\"de_DE\" \/><input type=\"hidden\" name=\"_wpcf7_unit_tag\" value=\"wpcf7-f420-o1\" \/><input type=\"hidden\" name=\"_wpcf7_container_post\" value=\"0\" \/><input type=\"hidden\" name=\"_wpcf7_posted_data_hash\" value=\"\" \/><input type=\"hidden\" name=\"_wpcf7_recaptcha_response\" value=\"\" \/>\n<\/fieldset>\n<div class=\"form-group\">\n\t<p><label> Dein Name<br \/>\n<span class=\"wpcf7-form-control-wrap\" data-name=\"your-name\"><input size=\"40\" maxlength=\"400\" class=\"wpcf7-form-control wpcf7-text wpcf7-validates-as-required form-control\" aria-required=\"true\" aria-invalid=\"false\" placeholder=\"Max Mustermann\" value=\"\" type=\"text\" name=\"your-name\" \/><\/span> <\/label>\n\t<\/p>\n<\/div>\n<div class=\"form-group\">\n\t<p><label> Falls Du diese Karte verschenken willst, gib hier bitte den Namen des Beschenkten an<br \/>\n<span class=\"wpcf7-form-control-wrap\" data-name=\"your-friend\"><input size=\"40\" maxlength=\"400\" class=\"wpcf7-form-control wpcf7-text form-control\" aria-invalid=\"false\" placeholder=\"Lieber Onkel Bernd\" value=\"\" type=\"text\" name=\"your-friend\" \/><\/span><\/label><br \/>\n<small id=\"namenHilfe2\" class=\"form-text text-muted\">Du kannst nat\u00fcrlich jeden Namen eintragen, den Du willst. Also \"Bernd\" oder \"Lieber Onkel Bernd\"....<\/small>\n\t<\/p>\n<\/div>\n<div class=\"form-group\">\n\t<p><label> Deine E-Mail-Adresse<br \/>\n<span class=\"wpcf7-form-control-wrap\" data-name=\"your-email\"><input size=\"40\" maxlength=\"400\" class=\"wpcf7-form-control wpcf7-email wpcf7-validates-as-required wpcf7-text wpcf7-validates-as-email form-control\" aria-required=\"true\" aria-invalid=\"false\" placeholder=\"max@mustermann.de\" value=\"\" type=\"email\" name=\"your-email\" \/><\/span> <\/label><br \/>\n<small id=\"namenHilfe2\" class=\"form-text text-muted\">Gib hier unbedingt Deine eigene Mail-Adresse an egal ob Du die Karte verschenken, oder selber nutzen willst.<\/small>\n\t<\/p>\n<\/div>\n<div class=\"form-group\">\n\t<p><label>Deine Adresse (oder die des Beschenkten)<br \/>\n<span class=\"wpcf7-form-control-wrap\" data-name=\"your-address\"><input size=\"40\" maxlength=\"400\" class=\"wpcf7-form-control wpcf7-text wpcf7-validates-as-required form-control\" aria-required=\"true\" aria-invalid=\"false\" placeholder=\"Musterstrasse 7\" value=\"\" type=\"text\" name=\"your-address\" \/><\/span> <\/label>\n\t<\/p>\n<\/div>\n<div class=\"form-group\">\n\t<p><label> Deine PLZ und Ort<br \/>\n<span class=\"wpcf7-form-control-wrap\" data-name=\"your-zip\"><input size=\"40\" maxlength=\"400\" class=\"wpcf7-form-control wpcf7-text wpcf7-validates-as-required form-control\" aria-required=\"true\" aria-invalid=\"false\" placeholder=\"12345 Musterstadt\" value=\"\" type=\"text\" name=\"your-zip\" \/><\/span> <\/label>\n\t<\/p>\n<\/div>\n<div class=\"form-group\">\n\t<p><label> Welche Saisonkarte willst Du haben oder verschenken?<br \/>\n<span class=\"wpcf7-form-control-wrap\" data-name=\"abo-art\"><select class=\"wpcf7-form-control wpcf7-select wpcf7-validates-as-required custom-select\" aria-required=\"true\" aria-invalid=\"false\" name=\"abo-art\"><option value=\"Einmalige Saisonkarte (35 EUR\/Jahr)\">Einmalige Saisonkarte (35 EUR\/Jahr)<\/option><option value=\"Einmalige Familienkarte (65 EUR\/Jahr)\">Einmalige Familienkarte (65 EUR\/Jahr)<\/option><option value=\"Fortlaufendes Abonnement (30 EUR\/Jahr)\">Fortlaufendes Abonnement (30 EUR\/Jahr)<\/option><option value=\"Einmalige Loipenf\u00f6rdervereinskarte (25 EUR\/Jahr)\">Einmalige Loipenf\u00f6rdervereinskarte (25 EUR\/Jahr)<\/option><option value=\"Einmalige Familien-Loipenf\u00f6rdervereinskarte (55 EUR\/Jahr)\">Einmalige Familien-Loipenf\u00f6rdervereinskarte (55 EUR\/Jahr)<\/option><\/select><\/span><br \/>\n<\/label><small id=\"namenHilfe\" class=\"form-text text-muted\">Die einmalige Saisonkarte gilt f\u00fcr die laufende Langlaufsaison von ca. November bis April je nach Schneeverh\u00e4ltnissen f\u00fcr alle Erwachsenen ab 16 Jahren.<br \/>\nDie einmalige Familienkarte gilt f\u00fcr beide Elternteile und deren Kinder bis 15 Jahren.<br \/>\nDie Loipenf\u00f6rdervereinskarten gelten analog der Beschreibung oben, aber f\u00fcr Mitglieder des Loipenf\u00f6rdervereins Freudenstadt. Um Mitglied zu werden, schau bitte auf unserer Partner-Seite f\u00fcr weitere Informationen nach.<br \/>\nMit dem Abonnement erh\u00e4ltst Du die Saisonkarte zum verg\u00fcnstigten Preis und brauchst sie nicht jedes Jahr neu zu bestellen, sondern erh\u00e4ltst Deine Saisonkarte p\u00fcnktlich zum ersten Schnee automatisch als einer der Ersten. Selbstverst\u00e4ndlich kannst Du dieses Abonnement jeweils ganz unkompliziert bis zum 01. Oktober des Folgejahres k\u00fcndigen. <\/small>\n\t<\/p>\n<\/div>\n<div class=\"form-check\">\n\t<p><span class=\"wpcf7-form-control-wrap\" data-name=\"acceptance-483\"><span class=\"wpcf7-form-control wpcf7-acceptance\"><span class=\"wpcf7-list-item\"><label><input type=\"checkbox\" name=\"acceptance-483\" value=\"1\" checked=\"checked\" class=\"form-check-input\" aria-invalid=\"false\" \/><span class=\"wpcf7-list-item-label\">Ich erkenne die Allgemeinen Gesch\u00e4ftsbedingungen hiermit an und bestelle verbindlich<\/span><\/label><\/span><\/span><\/span>\n\t<\/p>\n<\/div>\n<div class=\"form-check\">\n\t<p><span class=\"wpcf7-form-control-wrap\" data-name=\"acceptance-716\"><span class=\"wpcf7-form-control wpcf7-acceptance\"><span class=\"wpcf7-list-item\"><label><input type=\"checkbox\" name=\"acceptance-716\" value=\"1\" checked=\"checked\" class=\"form-check-input\" aria-invalid=\"false\" \/><span class=\"wpcf7-list-item-label\">Doppelt Ja: Ich will zus\u00e4tzlich \u00fcber Neuigkeiten von oben per Newsletter informiert werden<\/span><\/label><\/span><\/span><\/span>\n\t<\/p>\n<\/div>\n<input class=\"wpcf7-form-control wpcf7-hidden\" id=\"your_id\" value=\"\" type=\"hidden\" name=\"your_id\" \/>\n<input class=\"wpcf7-form-control wpcf7-hidden\" id=\"your_date\" value=\"\" type=\"hidden\" name=\"your_date\" \/>\n<p><input class=\"wpcf7-form-control wpcf7-submit has-spinner btn btn-primary\" id=\"form-submit\" type=\"submit\" value=\"Verbindlich bestellen\" \/>\n<\/p>\n<p class='letixu'><span class=\"wpcf7-form-control-wrap\" data-name=\"letixu\"><input size=\"40\" maxlength=\"400\" class=\"wpcf7-form-control wpcf7-text\" aria-invalid=\"false\" value=\"\" type=\"text\" name=\"letixu\" \/><\/span>\n<\/p><div class=\"wpcf7-response-output\" aria-hidden=\"true\"><\/div>\n<\/form>\n<\/div>\n\n\n\n\n<style>\n\nlabel {\n  font-weight: bold;\n}\n\nform {\n  margin: 40px 0;\n  max-width: 600px;\n  padding: 30px 20px;\n  border-radius: 2px;\n  border: 6px solid #a6d1fe;\n}\n\n.btn.btn-primary {\n  background: #a6d1fe;\n  border-color: #a6d1fe;\n}\n\n.coronatrophy_erfolg{\n  margin: 40px 0;\n  max-width: 600px;\n  padding: 30px 20px;\n  border-radius: 2px;\nbackground:#a6d1fe;\n  border: 6px solid rgba(255,255,255,.6);\ndisplay: none;\n}\n\n.coronatrophy_erfolg h2, .coronatrophy_erfolg p{\ncolor:#fefefe;\n}\n#your_id, #your_date{\n \/* visibility: hidden;*\/\n}\n\n<\/style>\n\n\n\n<script>\n      var now = new Date();\n      var randomNum = '';\n      randomNum += Math.round(Math.random()*9);\n      randomNum += Math.round(Math.random()*9);\n      randomNum += now.getTime();\nvar todaydate = new Date();\nvar todaydate = todaydate.toLocaleString();\nvar dater = document.getElementById(\"your_date\").value = todaydate;\n      var elem = document.getElementById(\"your_id\").value = randomNum;\n    <\/script>\n\n\n\n<p>*Unz\u00e4hlig scheint Dir \u00fcbertrieben? Mit dem Kauf der Saisonkarte oder nat\u00fcrlich auch einem Tagesticket darfst Du die Nachtloipe, die Trainingsloipe, die Kiddy-Runde, die Kohlwaldspur, die 6er-Spur sowie die Kniebisrunde so oft fahren, wie Du willst oder kannst. Mit 35 EUR f\u00fcr mehrere Monate Skispass ein scheinbar g\u00fcnstiges Vergn\u00fcgen. Zum Vergleich: Daf\u00fcr kannst Du ziemlich genau einen halben Tag in S\u00f6lden Abfahren.<br>Und weil wir schon bei guten Angeboten sind: Du willst es noch g\u00fcnstiger? Die Zollstockspuren und Verbindungen nach Freudenstadt (Abendwiesspur und Lauferbrunnen) darfst Du sogar ohne Ticket &#8211; also kostenlos &#8211; befahren.<\/p>\n\n\n\n<p>Egal was Du machst: Wir freuen uns, wenn Du bei uns ganz oben Ski f\u00e4hrst.<\/p>\n\n\n\n<p>Und falls Du noch mehr Unterst\u00fctzung geben willst, warten 2360 Meter der Nachtloipe auf Deinen Support &#8211; <a href=\"https:\/\/schaller-werbeagentur.de\/svkniebis\/patenschaft-2400-meter-nachtloipe\/\" data-type=\"page\" data-id=\"2767\">schau&#8217;s Dir hier an<\/a><\/p>\n","protected":false},"excerpt":{"rendered":"<p>Alles wird anders: Selbst auf dem Kniebis kann man jetzt kontaktlos  seine Langlauf-Saisonkarte online bestellen. Und jetzt neu auch noch als Weihnachtsgeschenk &#8222;verpackt&#8220;.<\/p>\n","protected":false},"author":1,"featured_media":0,"parent":3493,"menu_order":4,"comment_status":"closed","ping_status":"closed","template":"","meta":{"footnotes":""},"categories":[],"tags":[],"class_list":["post-416","page","type-page","status-publish","hentry"],"_links":{"self":[{"href":"https:\/\/schaller-werbeagentur.de\/svkniebis\/wp-json\/wp\/v2\/pages\/416","targetHints":{"allow":["GET"]}}],"collection":[{"href":"https:\/\/schaller-werbeagentur.de\/svkniebis\/wp-json\/wp\/v2\/pages"}],"about":[{"href":"https:\/\/schaller-werbeagentur.de\/svkniebis\/wp-json\/wp\/v2\/types\/page"}],"author":[{"embeddable":true,"href":"https:\/\/schaller-werbeagentur.de\/svkniebis\/wp-json\/wp\/v2\/users\/1"}],"replies":[{"embeddable":true,"href":"https:\/\/schaller-werbeagentur.de\/svkniebis\/wp-json\/wp\/v2\/comments?post=416"}],"version-history":[{"count":24,"href":"https:\/\/schaller-werbeagentur.de\/svkniebis\/wp-json\/wp\/v2\/pages\/416\/revisions"}],"predecessor-version":[{"id":3867,"href":"https:\/\/schaller-werbeagentur.de\/svkniebis\/wp-json\/wp\/v2\/pages\/416\/revisions\/3867"}],"up":[{"embeddable":true,"href":"https:\/\/schaller-werbeagentur.de\/svkniebis\/wp-json\/wp\/v2\/pages\/3493"}],"wp:attachment":[{"href":"https:\/\/schaller-werbeagentur.de\/svkniebis\/wp-json\/wp\/v2\/media?parent=416"}],"wp:term":[{"taxonomy":"category","embeddable":true,"href":"https:\/\/schaller-werbeagentur.de\/svkniebis\/wp-json\/wp\/v2\/categories?post=416"},{"taxonomy":"post_tag","embeddable":true,"href":"https:\/\/schaller-werbeagentur.de\/svkniebis\/wp-json\/wp\/v2\/tags?post=416"}],"curies":[{"name":"wp","href":"https:\/\/api.w.org\/{rel}","templated":true}]}}