{"id":88,"date":"2020-01-31T16:49:36","date_gmt":"2020-01-31T15:49:36","guid":{"rendered":"http:\/\/schaller-werbeagentur.de\/svkniebis\/verein\/geschichte\/"},"modified":"2020-03-11T17:50:57","modified_gmt":"2020-03-11T16:50:57","slug":"geschichte","status":"publish","type":"page","link":"https:\/\/schaller-werbeagentur.de\/svkniebis\/verein\/geschichte\/","title":{"rendered":"Geschichte"},"content":{"rendered":"\n<figure class=\"wp-block-table is-style-stripes\"><table class=\"\"><tbody><tr><td>1928<\/td><td>Gr\u00fcndung der Skizunft Kniebis im Gasthaus Ochsen. Ma\u00dfgeblichen Anteil hatte der Ochsenwirt Karl Heinzelmann in Absprache mit  &#8222;Bundesvater&#8220; Dinkelacker. Gr\u00fcndungsmitglieder waren Karl Heinzelmann, Heinrich Eckstein sen., Gustav Fahrner, Willy Fuchs, Emil Haist, Paul Moser, Robert Moser, Fritz Heinzelmann und Karl Fahrner, der zum 1. Vorstand gew\u00e4hlt wurde.<\/td><\/tr><tr><td>1948<\/td><td>Neugr\u00fcndung des Sportvereins Kniebis nach dem 2. Weltkrieg am 13.06.1948. 1. Vorsitzender: Heinrich Eckstein sen.<\/td><\/tr><tr><td>1950<\/td><td>Umbenennung  des Sportvereins Kniebis in Skizunft Kniebis 1928 e. V. Der Grund daf\u00fcr lag darin, dass au\u00dfer Skisport zu der damaligen Zeit keine andere Sportart betrieben werden konnte, da es am notwendigen Material fehlte. In den 50er Jahren feierte die SZ Kniebis im nordischen Skisport gro\u00dfe Erfolge durch die Geschwister Georg, Erwin, Emma, Paula und Paul G\u00fcnter, den Br\u00fcdern Emil und Heinrich Eckstein jun., Rudolf Schmelzle, Gerhard Armbruster, Josef Huber, Gerhard Gaiser, Tobias Dieterle. Siegfried Arnold und Eugen Mutschler waren in der Jugend erfolgreich.<\/td><\/tr><tr><td>1960<\/td><td>Vorstandswechsel nach 12 Jahren von Heinrich Eckstein sen. an Gustav Haist. Auch in den 60er Jahren konnte die Skizunft Kniebis gute Ergebnisse sowohl im nordischen wie auch im alpinen Bereich erringen.<\/td><\/tr><tr><td>1974<\/td><td>Gr\u00fcndung des SV-SZ Kniebis mit den Sparten Ski, Sch\u00fctzen und Fu\u00dfball. Zum 1. Vorsitzenden wurde Heinrich Eckstein jun. gew\u00e4hlt. Die Sparte Fussball war wegen einem fehlenden Sportplatz gezwungen, ihr Training und die Spiele in Freudenstadt auf dem Hartplatz durchzuf\u00fchren.<\/td><\/tr><tr><td>1976<\/td><td>Aufnahme einer Sparte Volleyball in den Verein. Diese Sparte musste Training und Spiele in den Freudenst\u00e4dter Hallen abhalten.<\/td><\/tr><tr><td>1977<\/td><td>Einweihung des Skistadions f\u00fcr Skiwettk\u00e4mpfe.<\/td><\/tr><tr><td>1978<\/td><td>50j\u00e4hriges Jubil\u00e4um des Vereins mit Wandertag und Festakt. Wechsel in der Vorstandschaft: Johann Michael Hartz l\u00f6ste Heinrich Eckstein jun. an der Spitze des Vereins ab. Unter der F\u00fchrung von Michael Hartz wurden in der Folge der Sportplatz und das Vereinsheim gebaut. Damit konnten nun auch die Sch\u00fctzen im Vereinsheim ihr Training und die Wettk\u00e4mpfe abhalten.<\/td><\/tr><tr><td>1981<\/td><td>Offizielle Einweihung des Fu\u00dfball-Hartplatzes im Skistadion.<\/td><\/tr><tr><td>1989<\/td><td>Einweihung der asphaltierten Skirollerstrecke, die durch die ARGE Skiroller e. V. vorangetrieben worden war. So war nun auch im Sommer eine Trainingsm\u00f6glichkeit f\u00fcr Langl\u00e4ufer gegeben. Im Winter war damit ebenfalls eine ideale Trainingsstrecke f\u00fcr den Langlauf geschaffen, da die Loipe beleuchtet war.<\/td><\/tr><tr><td>1993<\/td><td>Herbert Scholz l\u00f6ste Michael Hartz als 1. Vorsitzenden ab. Da die Sparten Fussball und Sch\u00fctzen Nachwuchsprobleme hatten, widmete sich der Verein in verst\u00e4rktem Ma\u00dfe dem Freizeitsport. Durch die neu erbaute Kniebishalle konnten nun \u00dcbungsabende im Damen- und Seniorenturnen dort abgehalten werden. Eine Abteilung Freizeitsport wurde dem Verein angegliedert, in der Wandern, Radfahren und Freizeit-Volleyball angeboten wurden.<\/td><\/tr><tr><td>1998<\/td><td>70j\u00e4hriges Jubil\u00e4um des Vereins in der Kniebishalle.<\/td><\/tr><tr><td>2002<\/td><td>Die Technische Beschneiungsanlage mit dem dazugeh\u00f6renden Speichersee wurde mit Zusch\u00fcssen des Landes, der Stadt Freudenstadt des WLSB mit einem Kostenaufwand von ca. 600.000 \u20ac in einer 1. Phase gebaut und in der Wintersaison 2002\/2003 in Betrieb genommen.<\/td><\/tr><tr><td>2005<\/td><td>Die Beschneiungsanlage wurde duch einen 2. Strang erweitert, dadurch war es nun m\u00f6glich, fast um die gesamte Nachloipe an neu geschaffenen Pl\u00e4tzen technischen Schnee zu produzieren.<\/td><\/tr><tr><td>2007<\/td><td>Erweiterung der Beschneiungsanlage durch 2 beleuchtete Querspangen (Abk\u00fcrzungen).<\/td><\/tr><tr><td>2008<\/td><td>Zertifizierung des Skistadions und der Loipen zum DSV nordic activ center.<\/td><\/tr><tr><td>2010<\/td><td>Erweiterung und Optimierung des Speichersees f\u00fcr die Beschneiungsanlage.<\/td><\/tr><tr><td>2014<\/td><td>Sanierung und Optimierung der Skirollerstrecke\/Nachtloipe. Asphaltierung der Abk\u00fcrzung 2 sowie stellenweise Verbreiterungen der Strecke.<\/td><\/tr><tr><td>2015<\/td><td>Schaffung neuer Beschneiungspl\u00e4tze, so dass nun an 21 Stellen der Nachtloipe beschneit werden kann. Die \u00fcber die Jahre get\u00e4tigten Investitionen mit einem Gesamtvolumen von ca. 1.100.000 \u20ac wurden durch Zusch\u00fcsse, Geb\u00fchren f\u00fcr die Benutzung der Nachtloipe, Eigenmitteln des Vereins sowie Sponsorengelder erm\u00f6glicht.<\/td><\/tr><tr><td>2017<\/td><td>Erneuerung der Beleuchtung der Nachtloipe durch die Stadt Freudenstadt.<\/td><\/tr><tr><td>2019<\/td><td>Nach 26 Jahren gibt Herbert Scholz das Amt des 1. Vorsitzenden des SV-SZ Kniebis ab.<br> Der Verein wird nun nach einer Satzungs\u00e4nderung von einem Vorstandsteam gef\u00fchrt.<\/td><\/tr><\/tbody><\/table><\/figure>\n","protected":false},"excerpt":{"rendered":"<p>1928 Gr\u00fcndung der Skizunft Kniebis im Gasthaus Ochsen. Ma\u00dfgeblichen Anteil hatte der Ochsenwirt Karl Heinzelmann in Absprache mit &#8222;Bundesvater&#8220; Dinkelacker. Gr\u00fcndungsmitglieder waren Karl Heinzelmann, Heinrich Eckstein sen., Gustav Fahrner, Willy Fuchs, Emil Haist, [&hellip;]<\/p>\n","protected":false},"author":1,"featured_media":0,"parent":83,"menu_order":13,"comment_status":"closed","ping_status":"closed","template":"","meta":{"footnotes":""},"categories":[],"tags":[],"class_list":["post-88","page","type-page","status-publish","hentry"],"_links":{"self":[{"href":"https:\/\/schaller-werbeagentur.de\/svkniebis\/wp-json\/wp\/v2\/pages\/88","targetHints":{"allow":["GET"]}}],"collection":[{"href":"https:\/\/schaller-werbeagentur.de\/svkniebis\/wp-json\/wp\/v2\/pages"}],"about":[{"href":"https:\/\/schaller-werbeagentur.de\/svkniebis\/wp-json\/wp\/v2\/types\/page"}],"author":[{"embeddable":true,"href":"https:\/\/schaller-werbeagentur.de\/svkniebis\/wp-json\/wp\/v2\/users\/1"}],"replies":[{"embeddable":true,"href":"https:\/\/schaller-werbeagentur.de\/svkniebis\/wp-json\/wp\/v2\/comments?post=88"}],"version-history":[{"count":2,"href":"https:\/\/schaller-werbeagentur.de\/svkniebis\/wp-json\/wp\/v2\/pages\/88\/revisions"}],"predecessor-version":[{"id":114,"href":"https:\/\/schaller-werbeagentur.de\/svkniebis\/wp-json\/wp\/v2\/pages\/88\/revisions\/114"}],"up":[{"embeddable":true,"href":"https:\/\/schaller-werbeagentur.de\/svkniebis\/wp-json\/wp\/v2\/pages\/83"}],"wp:attachment":[{"href":"https:\/\/schaller-werbeagentur.de\/svkniebis\/wp-json\/wp\/v2\/media?parent=88"}],"wp:term":[{"taxonomy":"category","embeddable":true,"href":"https:\/\/schaller-werbeagentur.de\/svkniebis\/wp-json\/wp\/v2\/categories?post=88"},{"taxonomy":"post_tag","embeddable":true,"href":"https:\/\/schaller-werbeagentur.de\/svkniebis\/wp-json\/wp\/v2\/tags?post=88"}],"curies":[{"name":"wp","href":"https:\/\/api.w.org\/{rel}","templated":true}]}}